is divided by k?
94
Suppose 7*p + 30 = 13*p. Calculate the remainder when 1*(-87)/6*(3 - p) is divided by 11.
7
Let x be (-3)/2*(-4 + 2). Suppose -3*w - 25 = -a - 3, -x*a + 3*w + 90 = 0. Suppose -23 = -38*n + 433. Calculate the remainder when a is divided by n.
10
Let o = -11 - -58. Suppose -p = 35*j - 30*j - 12, -3*p = j - 78. What is the remainder when o is divided by p?
20
Let o = -592 + 609. Suppose 2*f = 4, -f - 2*f + 2 = -m. Suppose 3*s - j - 142 = m*j, -3*s - 3*j = -150. Calculate the remainder when s is divided by o.
15
Let w = -54 + 58. Suppose 3*k = -6, -w*a - 28 = 3*k - 162. Suppose 5*h - 2*i - i - 344 = 0, 3*i = -9. Calculate the remainder when h is divided by a.
32
Suppose -4 = 4*f, -16*d = -17*d - f + 315. Calculate the remainder when d is divided by 18.
10
Suppose 4*k = -243 + 79. Let m = k - -49. Let g = 4 - 1. What is the remainder when m is divided by g?
2
Calculate the remainder when 359 is divided by -3 + 21/3 - -15.
17
Let b(w) = -23*w**2 + 2*w - 2. Let l be b(1). Let q = 49 + l. Let i(v) = -2*v - 11. Calculate the remainder when q is divided by i(-10).
8
Let m(u) = 4*u - 14. Calculate the remainder when 904 is divided by m(5).
4
Let t(n) = -n + 2. Let v(j) = j - 2. Let l(g) = 2*t(g) + 3*v(g). What is the remainder when 8 is divided by l(3)?
0
Let m = 30 - -105. Suppose 8 = 93*w - 89*w. Suppose -w*q + 64 = -2*v, -3*v + 76 - 240 = -5*q. Calculate the remainder when m is divided by q.
33
Let o(b) = b**3 - 5*b**2 - 5. Calculate the remainder when o(7) is divided by 16.
13
Let g = -1131 - -2157. Calculate the remainder when g is divided by 21.
18
Suppose 3*o - 6*o + 123 = 0. Let q = -26 + o. Calculate the remainder when 4*(4 - 5) + (0 - -48) is divided by q.
14
Let n be (1/((-12)/63))/(4/32). What is the remainder when 46 is divided by (n/4)/((-99)/132)?
4
Let p(z) = -5*z**3 - z**2 - 2*z + 2. Calculate the remainder when p(-3) is divided by 45.
44
Let p = 12 - 7. Let j(t) be the second derivative of t**5/20 - t**4/3 - t**3/2 + 13*t**2/2 + 13*t. What is the remainder when p is divided by j(4)?
0
Suppose x + 3*x - 56 = 0. Let o(r) = r + 53. Calculate the remainder when o(28) is divided by x.
11
Suppose 0 = 3*z - 155 + 53. Calculate the remainder when 135 is divided by z.
33
Let v(c) = -2*c**3 - 4*c**2 + 16*c - 64. Calculate the remainder when v(-10) is divided by 12.
8
Let w(v) = v**3 - 2*v**2 + 2*v + 4. Let j = 35 + -17. What is the remainder when j is divided by w(2)?
2
Calculate the remainder when 256 is divided by 1*2/10 + 128289/4305.
16
Let t(o) = o**3 + 7*o**2 + 5*o - 6. Suppose -644*v - 50 = -649*v. What is the remainder when t(-5) is divided by v?
9
Let h = 2449 + -2380. What is the remainder when 2275 is divided by h?
67
What is the remainder when 65/(-15)*(3 - 54) is divided by 74?
73
Let y be (189/(-12))/((-1)/12). Calculate the remainder when (-3)/(2 - (-537)/(-264)) is divided by (y/35)/(9/30).
16
Let j be (-12)/(-3)*1 - (0 - -1). Suppose 4*y - 65 = -3*i, 0*i + i - 15 = 2*y. What is the remainder when i is divided by (j + 7)/(4/(-8)*-2)?
9
Suppose -3*f + 36 = -0*f. Calculate the remainder when 24/(-56) - (-1206)/21 is divided by f.
9
Suppose -y + 51 = 3*d + 2*y, 3*y = -5*d + 75. What is the remainder when 23 is divided by d?
11
Let n(m) = 2*m**2 + 25*m - 10. Calculate the remainder when n(4) is divided by 41.
40
Calculate the remainder when 464 is divided by (-1956)/(-21) - 7/49.
92
Let q = 5 - 3. Let l(x) = 9*x**2 + 1. Calculate the remainder when 40/q + (1 - 4) is divided by l(1).
7
Suppose 20*z - 15*z + 2*w = 93, 4*w - 84 = -4*z. Calculate the remainder when 30 is divided by z.
13
Suppose -5*x - 340 = -0*o + 5*o, 0 = -x - 3*o - 60. Calculate the remainder when 69 is divided by ((-6)/8)/(3/x).
15
What is the remainder when (12/8)/((-18)/20580*-5) is divided by 87?
82
Suppose -4*p + 156 = -2*p. Suppose -11*k - 1885 = -16*k. What is the remainder when 14 is divided by k/p + (-1)/(-6)?
4
Suppose 2*o - 86 = 112. Calculate the remainder when o is divided by 36.
27
Suppose 7*r - 115 = 193. Let d = -20 + 20. Suppose 0 = 3*i + j - 39, d = 2*i - 4*i + 5*j + 9. Calculate the remainder when r is divided by i.
8
Let u(n) = 20*n**3 + 6*n**2 - 8*n - 2. Let h be u(2). Let l = h - 139. What is the remainder when 63 is divided by l?
9
Let k(p) = p**2 - p - 30. Suppose 33*s - 37*s = 24. Calculate the remainder when 22 is divided by k(s).
10
Let s(x) = -x**3 - 18*x**2 - 36*x - 51. What is the remainder when 85 is divided by s(-16)?
7
Suppose -2*p = -3*o - 14, -7*p - o = -5*p - 30. Calculate the remainder when 64 is divided by p.
12
Suppose 2*u + 2 = -172. Let l = u - -169. Calculate the remainder when l is divided by 12.
10
Let w = -1126 - -2370. What is the remainder when w is divided by 89?
87
Let t(w) = w**2 - 4*w - 21. Let q be t(7). Let u(n) = n**3 - 2*n + 60. What is the remainder when u(q) is divided by 16?
12
What is the remainder when ((-33)/9 + 2)/((-15)/198) is divided by 13?
9
Suppose -122 = -2*s - 5*w, w = -3*s - 0*w + 183. Calculate the remainder when s is divided by 32.
29
Let p be (-2 - -4)*(2 + -5). Calculate the remainder when p*(-5)/((-40)/(-12)) is divided by 6.
3
Let i = -212 + 304. What is the remainder when i is divided by 17?
7
Suppose -2*w + w - 5*c = -65, -5*c + 150 = 2*w. What is the remainder when w is divided by (1/((-4)/33))/(6*5/(-40))?
8
What is the remainder when 116 is divided by (-180)/(-16)*48/9?
56
Calculate the remainder when 346/4*(-1050)/(-175) is divided by 133.
120
Suppose 5*t + 5*m = 3 + 2, -4*m + 7 = t. Let g be (-2)/((-4 - t) + 2). Suppose d - 23 = -g*l, l - 23 + 4 = d. What is the remainder when l is divided by 4?
2
Let z = -120 - -167. What is the remainder when z is divided by 20?
7
Suppose k = 3*s - 30 - 7, -3*s + 3*k + 33 = 0. Calculate the remainder when 116 is divided by s.
12
Suppose 1118 = 6*u - 400. Calculate the remainder when u is divided by 71.
40
Calculate the remainder when ((-255)/(-6))/((-24)/(-48)) is divided by 47.
38
Let c(w) = 4*w**3 + 5 + 3*w**2 - 5*w**3 + 5*w + 0*w**2. Let b be c(5). Let g = b - -31. Calculate the remainder when g is divided by 6.
5
Suppose 17*w + 24 = 21*w. Calculate the remainder when 33 is divided by w.
3
Let o(d) = 40*d**2 - d + 1. Let i be o(1). Suppose -24 = m - i. Calculate the remainder when m is divided by 6.
4
Suppose 5*t + 2 - 12 = 0. Suppose 0 = -4*k + 12, -t*j + 303 = -0*k + 3*k. What is the remainder when 16 is divided by 7/(j/18)*7?
4
Let m(g) = 6*g**2 + 19*g + 102. What is the remainder when m(-7) is divided by 12?
11
Suppose 5*g = 22*q - 17*q - 55, q + 14 = -4*g. Calculate the remainder when 25 is divided by q.
1
Let d(b) = 155*b**3 - 2*b**2 + 2*b - 1. Let k be d(1). Let l = k + -134. Calculate the remainder when l is divided by 8.
4
Suppose -6 = -0*k - 3*k. Let y(r) = -k*r - 9*r + 13*r**2 - 5 - 8 + 4 - r**3. What is the remainder when 9 is divided by y(12)?
0
Calculate the remainder when ((6 + -2)/(8/(-200)))/(-1) is divided by 21.
16
Let c = -281 + 370. What is the remainder when c is divided by 24?
17
Let b = -5 + 7. Suppose -b*f + 0*f = 22. Let n(a) = a**3 + 11*a**2 - 4*a + 10. Calculate the remainder when n(f) is divided by 28.
26
Suppose 7*i - 712 + 208 = 0. What is the remainder when i is divided by 25?
22
Calculate the remainder when 4/(-2) + (-442)/(-17) is divided by 11.
2
Let i = 185 - 183. Let c(n) = -n**3 - 4*n**2 - 2*n + 4. Let g be c(-3). Let v = 4 + g. Calculate the remainder when v is divided by i.
1
Suppose 203 = 12*x - 169. Let l(m) = -3*m + 105. Calculate the remainder when 59 is divided by l(x).
11
Suppose -6*j + 89 = -49. Suppose -204 = -2*a - a. Calculate the remainder when a is divided by j.
22
Let g be 1 - (-4)/((-20)/(-125)). Suppose 4*b = -7 - 57. Let a = g + b. What is the remainder when a is divided by 4?
2
What is the remainder when 27 is divided by ((-15)/((-360)/(-104)))/(1/(-3))?
1
Let x = -16 - -20. Suppose 7 = 2*s + 1. Suppose x*n + 36 = 4*h, 3*n - n = s*h - 31. What is the remainder when 49 is divided by h?
10
Let z = 68 + 44. Suppose 3*q = q + z. Suppose -16 = 4*n - q. Calculate the remainder when 27 is divided by n.
7
Suppose 0 = g + c - 4*c - 12, 28 = 3*g - c. Suppose 2*s = s + g. Let x = -13 - -18. What is the remainder when s is divided by x?
4
Suppose 5*h + 40 = 15, -2*s + 8 = 4*h. Cal